 12.
5
Calculate the remainder when 924 is divided by 37.
36
Calculate the remainder when 4870 is divided by 42.
40
Calculate the remainder when 146 is divided by 6.
2
What is the remainder when 64 is divided by 14?
8
What is the remainder when 345 is divided by 338?
7
Calculate the remainder when 491 is divided by 117.
23
Calculate the remainder when 496 is divided by 87.
61
What is the remainder when 225 is divided by 38?
35
What is the remainder when 15255 is divided by 14?
9
What is the remainder when 701 is divided by 222?
35
What is the remainder when 79 is divided by 11?
2
Calculate the remainder when 383 is divided by 77.
75
What is the remainder when 132 is divided by 27?
24
What is the remainder when 3961 is divided by 13?
9
What is the remainder when 1346 is divided by 6?
2
What is the remainder when 130 is divided by 4?
2
What is the remainder when 5707 is divided by 117?
91
Calculate the remainder when 757 is divided by 109.
103
Calculate the remainder when 422 is divided by 46.
8
What is the remainder when 564 is divided by 63?
60
Calculate the remainder when 8 is divided by 4.
0
What is the remainder when 832 is divided by 54?
22
What is the remainder when 2648 is divided by 25?
23
Calculate the remainder when 2510 is divided by 199.
122
What is the remainder when 142 is divided by 21?
16
What is the remainder when 159 is divided by 125?
34
Calculate the remainder when 5281 is divided by 38.
37
What is the remainder when 90 is divided by 35?
20
Calculate the remainder when 521 is divided by 2.
1
Calculate the remainder when 334 is divided by 21.
19
Calculate the remainder when 2084 is divided by 7.
5
What is the remainder when 770 is divided by 246?
32
What is the remainder when 11824 is divided by 81?
79
Calculate the remainder when 84 is divided by 80.
4
Calculate the remainder when 2241 is divided by 13.
5
What is the remainder when 1891 is divided by 75?
16
Calculate the remainder when 372 is divided by 99.
75
What is the remainder when 261 is divided by 34?
23
Calculate the remainder when 2782 is divided by 2771.
11
Calculate the remainder when 110 is divided by 14.
12
What is the remainder when 17 is divided by 3?
2
What is the remainder when 14794 is divided by 137?
135
Calculate the remainder when 173 is divided by 17.
3
What is the remainder when 43 is divided by 7?
1
What is the remainder when 55 is divided by 30?
25
What is the remainder when 59 is divided by 25?
9
What is the remainder when 223 is divided by 45?
43
Calculate the remainder when 714 is divided by 16.
10
Calculate the remainder when 413 is divided by 8.
5
What is the remainder when 382 is divided by 7?
4
What is the remainder when 1413 is divided by 47?
3
Calculate the remainder when 7141 is divided by 94.
91
What is the remainder when 37 is divided by 23?
14
What is the remainder when 111 is divided by 15?
6
Calculate the remainder when 133 is divided by 40.
13
What is the remainder when 202 is divided by 52?
46
What is the remainder when 8086 is divided by 93?
88
What is the remainder when 7993 is divided by 195?
193
Calculate the remainder when 172 is divided by 29.
27
Calculate the remainder when 349 is divided by 70.
69
Calculate the remainder when 1133 is divided by 19.
12
What is the remainder when 374 is divided by 13?
10
Calculate the remainder when 81 is divided by 33.
15
What is the remainder when 409 is divided by 38?
29
Calculate the remainder when 219 is divided by 15.
9
What is the remainder when 35 is divided by 9?
8
What is the remainder when 348 is divided by 32?
28
Calculate the remainder when 686 is divided by 46.
42
Calculate the remainder when 366 is divided by 31.
25
What is the remainder when 217 is divided by 73?
71
What is the remainder when 173 is divided by 3?
2
Calculate the remainder when 2026 is divided by 14.
10
What is the remainder when 8807 is divided by 99?
95
What is the remainder when 2199 is divided by 184?
175
Calculate the remainder when 155 is divided by 20.
15
Calculate the remainder when 2069 is divided by 115.
114
Calculate the remainder when 144 is divided by 38.
30
What is the remainder when 4064 is divided by 110?
104
Calculate the remainder when 160 is divided by 23.
22
Calculate the remainder when 173 is divided by 59.
55
Calculate the remainder when 330 is divided by 153.
24
Calculate the remainder when 159 is divided by 84.
75
What is the remainder when 1597 is divided by 26?
11
Calculate the remainder when 770 is divided by 16.
2
What is the remainder when 970 is divided by 108?
106
Calculate the remainder when 1433 is divided by 102.
5
What is the remainder when 228 is divided by 9?
3
What is the remainder when 355 is divided by 47?
26
Calculate the remainder when 374 is divided by 184.
6
Calculate the remainder when 86 is divided by 13.
8
Calculate the remainder when 169 is divided by 4.
1
What is the remainder when 663 is divided by 188?
99
What is the remainder when 226 is divided by 69?
19
Calculate the remainder when 569 is divided by 177.
38
What is the remainder when 280 is divided by 45?
10
What is the remainder when 965 is divided by 36?
29
What is the remainder when 1412 is divided by 11?
4
Calculate the remainder when 3437 is divided by 229.
2
Calculate the remainder when 4520 is divided by 19.
17
What is the remainder when 460 is divided by 231?
229
Calculate the remainder when 128 is divided by 4.
0
What is the remainder when 6859 is divided by 10?
9
What is the remainder when 2229 is divided by 186?
183
What is the remainder when 15 is divided by 2?
1
What is the remainder when 366 is divided by 10?
6
What is the remainder when 11 is divided by 3?
2
What is the remainder when 647 is divided by 134?
111
Calculate the remainder when 25 is divided by 9.
7
Calculate the remainder when 174 is divided by 46.
36
Calculate the remainder when 1294 is divided by 36.
34
What is the remainder when 344 is divided by 32?
24
What is the remainder when 53 is divided by 18?
17
Calculate the remainder when 11444 is divided by 327.
326
Calculate the remainder when 85 is divided by 18.
13
What is the remainder when 334 is divided by 164?
6
What is the remainder when 25248 is divided by 7?
6
What is the remainder when 1208 is divided by 153?
137
Calculate the remainder when 15717 is divided by 6.
3
What is the remainder when 118 is divided by 18?
10
Calculate the remainder when 1285 is divided by 39.
37
What is the remainder when 1425 is divided by 42?
39
What is the remainder when 8202 is divided by 3?
0
Calculate the remainder when 9312 is divided by 20.
12
Calculate the remainder when 1147 is divided by 64.
59
Calculate the remainder when 258 is divided by 48.
18
Calculate the remainder when 36 is divided by 12.
0
Calculate the remainder when 6672 is divided by 15.
12
Calculate the remainder when 14577 is divided by 54.
51
Calculate the remainder when 15840 is divided by 31.
30
What is the remainder when 358 is divided by 40?
38
What is the remainder when 195 is divided by 49?
48
What is the remainder when 53 is divided by 44?
9
What is the remainder when 167 is divided by 41?
3
Calculate the remainder when 5402 is divided by 47.
44
Calculate the remainder when 6492 is divided by 32.
28
Calculate the remainder when 1383 is divided by 458.
9
Calculate the remainder when 2956 is divided by 47.
42
Calculate the remainder when 397 is divided by 191.
15
Calculate the remainder when 152 is divided by 88.
64
Calculate the remainder when 138 is divided by 50.
38
What is the remainder when 251 is divided by 29?
19
What is the remainder when 2208 is divided by 34?
32
What is the remainder when 233 is divided by 85?
63
Calculate the remainder when 411 is divided by 52.
47
Calculate the remainder when 670 is divided by 32.
30
Calculate the remainder when 523 is divided by 174.
1
Calculate the remainder when 4156 is divided by 16.
12
Calculate the remainder when 3070 is divided by 30.
10
Calculate the remainder when 6509 is divided by 16.
13
What is the remainder when 42 is divided by 17?
8
What is the remainder when 2481 is divided by 208?
193
Calculate the remainder when 1106 is divided by 140.
126
Calculate the remainder when 427 is divided by 213.
1
Calculate the remainder when 378 is divided by 16.
10
Calcu